e (-7)/14 - 27/(-2). Let w be q(f). What is the units digit of 32*(w + (-30)/(-8))?
4
Suppose -5*g + 5 = -4*g. Suppose f + g = 7. What is the units digit of f?
2
Let o = -199 + 658. What is the hundreds digit of o?
4
Let z be ((-15)/(-10))/(2*(-6)/(-8)). What is the hundreds digit of 8/(-4) - 2 - (-205 - z)?
2
Let s(k) = -k**3 + 21*k**2 - 28*k + 40. What is the units digit of s(19)?
0
Let s(p) be the second derivative of 9*p**5/20 - p**4/6 - p**2/2 + 3*p. Let j be s(2). Let h = 139 - j. What is the units digit of h?
6
Let v = 898 - 336. What is the tens digit of v?
6
Let s(b) = 22*b + 758. What is the tens digit of s(0)?
5
Let q(p) = p**3 + 10*p**2 + p - 22. Let h be q(-11). What is the units digit of h/1*(-3)/(-6)*-3?
1
Let p be (-135)/(-18)*2/5. Suppose -5*h + p*k = -2*h + 6, -h - k = -8. What is the units digit of h?
3
Let c(d) be the first derivative of -1/3*d**3 - d**2 + 55/4*d**4 + 2*d + 3. What is the tens digit of c(1)?
5
Suppose 5*f + 942 + 154 = y, -3*y + 4*f + 3343 = 0. What is the thousands digit of y?
1
Suppose 4*o = 11*o. Suppose v = 4*v + 5*h - 65, v - h - 19 = o. What is the tens digit of v?
2
Let d = -29 - -45. Let s = -22 + d. What is the tens digit of ((-60)/9)/(4/s)?
1
Let l = -278 + 430. Suppose 680 = 4*j + 4*r, -2*j + r = -l - 194. What is the hundreds digit of j?
1
What is the units digit of -1*4/(-6)*447795/186?
5
Let m(v) = -78*v + 628. What is the tens digit of m(7)?
8
Suppose -1110 + 42 = -6*a. Suppose a = u + u. Suppose 2*p + u = 215. What is the units digit of p?
3
Suppose 2 + 13 = 3*l. Suppose l*p = 18*p - 1521. What is the hundreds digit of p?
1
Let i = 4164 - 7648. What is the units digit of i/(-16) - (7/4 - 2)?
8
Suppose 3*w + 3*b - 24 = -w, 2*b = -5*w + 37. Let r(d) = -d**2 + 14*d + 9. What is the tens digit of r(w)?
5
Let f(v) = -v**3 + 7*v + 1. Let n be f(-3). Let o be n + -4 + 0 + 64. What is the units digit of o - (2 + 2 + -6)?
9
Suppose 4*r - 2*y = 0, 3*r - 6*y = -4*y. Suppose 4*x + 0*x - 628 = -4*h, r = h + 4. Suppose -5*o = -x - 124. What is the units digit of o?
7
What is the hundreds digit of (12990/(-105))/(-1 - (-24)/28)?
8
What is the tens digit of 142/4 + (-50)/20?
3
Suppose -18624 = 68*f - 74928. What is the tens digit of f?
2
Suppose l = -5*a - 19, 10 + 3 = -l - 3*a. Let v be 10/2 + (-4 - l). Suppose -3*u + 0*u - 2*o = -18, v*o - 25 = -5*u. What is the units digit of u?
8
Let g(q) = -q**3 - 2*q**2 + 3*q - 2. Suppose 3*s = 4*s + 3. Let a be g(s). What is the tens digit of 3 + 16 + 2/a?
1
Suppose 5*r = -n + 294, n - 2*r - 276 = -r. What is the tens digit of n?
7
Suppose -3480 = 2*l - 6*l - 5*x, 0 = -3*l - x + 2610. What is the units digit of l?
0
Let h = -297 + 572. Suppose h = i + 4*i. What is the tens digit of i?
5
Let t be 6/(-9)*-6*7. Let w(p) = -p**2 + 2. Let y be w(4). Let x = t + y. What is the tens digit of x?
1
What is the thousands digit of 2/(-8)*3 - 2532660/(-624)?
4
What is the units digit of (-1053 + -69)*(2/3)/(-1)?
8
Let d(c) = c + 7. Let w be d(-9). Let x = 39 + w. What is the tens digit of x?
3
Let m(p) = 20*p + 41. What is the tens digit of m(3)?
0
Suppose 3*p + 4*i = 6*i - 70, 0 = 3*i + 12. Let w(q) = -q**2 - 32*q + 24. What is the tens digit of w(p)?
8
Let d be ((-1)/(-3))/((-5)/(-60)). Suppose d*r - 438 = -5*k + 409, 4*r - 2*k - 826 = 0. What is the tens digit of r?
0
Let c be (37 - 36) + 29*(-1 + 2). What is the hundreds digit of 709/4 - c/(-40)?
1
Let v(h) = 2*h + 3. Let y be v(-4). What is the hundreds digit of -2 - (-123 - (y/1 - -2))?
1
Let a = 7 + 34. Suppose 5*d - a = 264. What is the tens digit of d?
6
Let j = 80 + -46. What is the tens digit of (1 - 0)*(-1 + j)?
3
Let u(c) = -2*c**2 - 11*c - 3. Let i be u(-5). Let z(g) = 5*g + 1. What is the units digit of z(i)?
1
Let i(p) be the second derivative of -p**4/12 - 3*p**2/2 - 8*p. Let m be i(7). What is the units digit of (-17)/(-4) - (-13)/m?
4
Let z = -128 + 201. What is the units digit of z?
3
Let m = 391 + -248. What is the units digit of m?
3
Suppose 0*i = 6*i - i. Suppose -k + 193 - 57 = i. What is the units digit of k?
6
Let d = 12 + -12. Suppose d*t + 2*t = 0. Suppose n = -t*n + 27. What is the units digit of n?
7
Let r = 21 + -21. Suppose 5*n - 190 = -r*n. What is the tens digit of n?
3
Let p = -4 - -5. Let b be (1/p)/(2/8). Suppose 9*v = b*v + 20. What is the units digit of v?
4
Suppose -3*x - 33 = -4*b, x + 11 = 2*b - 2. Let y = 16 - 8. Let j = x + y. What is the units digit of j?
1
Let b(w) = w + 10. Let z be b(-8). Suppose z*j + 4*r = -j + 171, r = -5*j + 302. What is the tens digit of j?
6
Suppose 145 = 4*z + 41. Let u = z + -18. Suppose x + g = 2*g + u, 0 = -3*g + 15. What is the units digit of x?
3
Let v(g) = 1874*g + 36. What is the units digit of v(1)?
0
Suppose -7*y + 0*y = 14. What is the tens digit of 578/51 - y/(-6)?
1
Let b = -1128 - -1859. What is the tens digit of b?
3
Suppose -2*d = -2*x - 400, 3*x - 8*x + 2*d - 1006 = 0. Let q = 346 + x. What is the units digit of q?
4
Suppose 5*b = -3*i - 11, -2*i + 2 = -2*b + 4. Suppose -3 = -g + 2*g. What is the units digit of (g/(-9))/(i/(-48))?
8
What is the hundreds digit of 14272/18 + -4 + 148/36?
7
Let n be (24/(-16))/((-3)/26). Let t be 3/(-1) + 0 - -4. Let s = n + t. What is the tens digit of s?
1
Let z(v) = -310*v - 18. What is the tens digit of z(-4)?
2
Let y be 0/(5 + -3 - 3). Let c(i) = i - 2 - 3 - 1 + y + i**2. What is the units digit of c(5)?
4
Let h(k) = -50*k - 10. What is the tens digit of h(-7)?
4
Suppose 5*p + 2*g + 43 = 0, g - 2 + 6 = 0. Let d = p + 10. Suppose 0 = -f + 2, d*f + 0*f = -5*q + 36. What is the units digit of q?
6
What is the units digit of (143384/72 - 3) + (-4)/9?
8
Let w = 631 - 175. What is the hundreds digit of w?
4
Suppose 50405 = 28*p - 57199. What is the tens digit of p?
4
Suppose 1 = -s, 2*s - 1718 = 7*w - 9*w. What is the units digit of w?
0
Let l = 0 - 6. Let r be ((-8)/l)/(3/9). Suppose 26 - 89 = -3*w - 2*s, r*w + 5*s = 84. What is the units digit of w?
1
Let c(g) be the second derivative of -g**5/20 + 17*g**4/12 - 8*g**3/3 + 4*g**2 - 8*g. What is the units digit of c(16)?
8
What is the units digit of (-8856)/(-15) - (-18)/(-45)?
0
Suppose -z + 77 = -23. What is the units digit of z?
0
Suppose 117*z - 105*z = 59616. What is the thousands digit of z?
4
Let j(k) = 4*k**2 + 8*k - 10. What is the tens digit of j(9)?
8
What is the hundreds digit of (-2)/(2 + 14950/(-7485))*-2?
4
Let b(k) = k**2 + 63*k + 184. What is the tens digit of b(-66)?
8
Let a(j) = -1 + 4 - j - 2 - 4*j**2 + 1. Let i be a(-2). What is the units digit of ((-8)/i)/((-2)/(-30))?
0
Let m = 3314 - 1975. What is the tens digit of m?
3
Suppose -j - m - 2 = 0, -143*j + 145*j - m + 10 = 0. Suppose 49 + 51 = 4*n. Let h = j + n. What is the units digit of h?
1
Let y = -2034 - -5982. What is the hundreds digit of y?
9
Suppose -3*o + 20 = o. What is the units digit of (o + -17)/((-6)/8)?
6
Let q = 8734 + -4872. What is the tens digit of q?
6
What is the units digit of 2*(-8 - -7) + (-1 - -993)?
0
Suppose -23*w + 22*w = u - 4071, 0 = 2*u + 5*w - 8145. What is the hundreds digit of u?
0
Let u(h) = h**3 + 11*h**2 + h - 10. Let z be u(-11). Let x = 5 + -24. Let i = x - z. What is the units digit of i?
2
Let b(t) = t**3 + 3*t**2 + 2*t + 2. Let c be b(-3). Let j be 52/(-65) - c/5. Suppose -l + x + 32 = 0, j*x - x + 5 = 0. What is the units digit of l?
7
Suppose 0 = -0*d + 2*d - 2. Suppose -f + 9 = -t + 3, 20 = 5*f - 3*t. What is the units digit of 42*f + d/1?
3
Suppose 1814 = 2*q + 2*g, -q + 5*g + 360 + 547 = 0. What is the units digit of q?
7
Suppose -10*o - 2 = 1128. Let y = -108 - o. What is the units digit of y?
5
Suppose 0*m + m = 10. Let r = -547 - -576. What is the units digit of 2/m - r/(-5)?
6
Suppose -5*i + 1544 + 1836 = -t, 0 = 4*i - 2*t - 2704. What is the tens digit of i?
7
Suppose -r - 4*z - 1 = 0, -z = -5*r - 35 - 12. Let n = 11 + r. What is the units digit of n*(52/8 + 0)?
3
Let y(s) = -s + 19. Let w be y(15). Suppose -w*j = -8*j + 32. What is the units digit of j?
8
Let p(g) = 1 + 0 - 17*g - 2*g**2 + 12*g. Let q be p(-4). Let a = q + 15. What is the units digit of a?
4
What is the tens digit of (-9208)/(-26) - ((-36)/39)/(-6)?
5
Let u(g) = g - 10. Let s be u(0). Let i = s + 7. Let a(z) = z**3 + 5*z**2 + 5*z + 3. What is the units digit of a(i)?
